mon factor of o and 44?
4
Let x = 5371 + -5362. Suppose 5*j + 4*h = -0*h + 645, -2*j + 276 = -2*h. Let o = j + -79. What is the highest common factor of x and o?
9
Let p be 14*(3 + 39/21). Suppose p*s = 74*s - 972. Calculate the highest common divisor of s and 12.
6
Let v be 12/14*11 - -2*(-90)/420. What is the highest common factor of v and 54?
9
Let w = 853 - 463. Suppose 0 = 2*z + x + 2*x - w, -4*z + 764 = -2*x. Let m be 3 + (-4)/(8/(-90)). Calculate the highest common factor of m and z.
48
Let i(l) = -247*l + 20. Let c be i(1). Let g = c - -237. Let h = 57 - 27. What is the greatest common divisor of g and h?
10
Let f(r) = r**2 + 3*r - 28. Let c be f(4). Suppose -4*n + 3*p + 2449 = c, 5*p + 977 + 846 = 3*n. What is the greatest common factor of n and 56?
56
Let s be ((-10)/5 + -1)/(3/314). Let y be (-105)/(-21) + s/(-1). What is the highest common divisor of y and 22?
11
Suppose 6*z - 451 = -421. Suppose p = z*i - 97, -14*i + 32 = -13*i + 4*p. What is the greatest common factor of 50 and i?
10
Let w = -919 + 938. Calculate the greatest common divisor of 18677 and w.
19
Let h = 4171 - 4056. What is the greatest common factor of h and 1035?
115
Suppose -306*h + 305*h = -11418. Calculate the highest common factor of 6 and h.
6
Suppose 0 = -4*y + 36 - 20. Suppose -26 = y*b - 42. Let i be 4*b*40/32. What is the highest common factor of i and 100?
20
Let w(m) = 41*m**2 + 46*m + 562. Let z be w(-13). What is the greatest common factor of 122 and z?
61
Let b be (-2799)/27 - (-2)/(-6). Let s = -59 - b. Let q(z) = 2*z - 13. Let p be q(11). What is the highest common factor of s and p?
9
Let a = -802 + 802. Suppose a = -6*i + 3202 + 2474. Calculate the highest common divisor of 22 and i.
22
Let q(w) = 97*w**3 + 7*w**2 - 8*w - 7. Let g be q(2). Calculate the highest common factor of g and 639.
71
Let c = 5 + 9. Let u = 3166 - 3145. What is the highest common factor of c and u?
7
Suppose -1434 = -22*v + 1602. Let l be (-9)/36 - 1829/(-4). Suppose u + l = 4*i, 4*u - 35 = i - v. What is the greatest common divisor of 23 and i?
23
Let j(t) = -126*t - 149. Let n be j(-23). Let q = n + -1935. Calculate the greatest common divisor of q and 22.
22
Suppose 17 + 8 = 5*n, 5*n = 5*f. Let b be (4/f)/((-1)/(-20)). Suppose -2 - b = -6*s. Calculate the greatest common divisor of s and 3.
3
Let h(i) = 2*i + 11. Suppose -4 = -32*p + 33*p. Let u be h(p). Let s be 31 - ((-3)/u + 2). Calculate the highest common divisor of 30 and s.
30
Let n be (-2)/8*(-3 + -17). Suppose i = -0*i + 2, 0 = 2*l + n*i - 40. Let z be (40/(-12))/((-2)/45). What is the greatest common divisor of z and l?
15
Suppose -57*z + 49*z + 704 = 0. Suppose -3*s + 389 = 2*s - y, -4*s + 312 = -y. What is the greatest common factor of z and s?
11
Suppose -72 + 12 = -3*h. Let v(f) = -962*f + 4318. Let g be v(4). Calculate the highest common divisor of h and g.
10
Suppose 42*b - b = -492. Let q be (-8)/b - 2586/(-9). Calculate the greatest common divisor of 216 and q.
72
Let x be 124 + (-1 - 1) + -7 + 8. Let u = x + -18. Calculate the highest common factor of u and 35.
35
Let r(z) be the first derivative of -5/2*z**2 + 1/3*z**3 - 16 + 12*z. Let w be r(6). Calculate the highest common factor of w and 2.
2
Suppose -3*w + 0*u - 80 = -2*u, 32 = -w + 2*u. Let g be w/(-9)*45/20. Calculate the highest common factor of g and 14.
2
Suppose 0 = -46*r + 1491 - 157. Suppose 0 = 2*t - 4 + 2. Let o be (r - 4) + (0 - t). What is the greatest common factor of o and 264?
24
Let f(j) = 32*j**3 + 59*j**2 - 8*j + 77. Let k be f(7). Calculate the highest common factor of 217 and k.
217
Suppose 33*z + 1036 = 97*z - 50*z. Calculate the highest common factor of z and 629.
37
Let p = 234 + -168. Let r = -1 + 3. Suppose 0 = 3*j - r*j - 165. Calculate the greatest common divisor of j and p.
33
Suppose -8 = -18*f + 14*f, 24954 = 7*i + 3*f. Calculate the highest common factor of i and 81.
81
Let g = 1003 + -219. Suppose 39*w - 25*w = g. Calculate the greatest common factor of 70 and w.
14
Let w(y) = y**2 - 5*y - 11. Let n be w(7). Let u(r) = 112*r**2 - 10*r + 9. Let a be u(n). What is the highest common factor of a and 21?
21
Let p(j) = -17*j**3 + 3*j**2 + 8*j + 7. Let i be p(-1). Let h(t) = -t - 2. Let m be h(5). Let y = i + m. Calculate the greatest common divisor of 8 and y.
4
Let p be -4 + 4 - -14 - 0. Let u be (1610/245)/(2/p). Calculate the highest common divisor of 92 and u.
46
Suppose 4*z + 6*q - 7*q = 2634, -4*z + 4*q + 2652 = 0. Calculate the highest common factor of z and 1241.
73
Let z = -10165 + 10229. What is the highest common factor of 3664 and z?
16
Suppose 2*v + 222 = 3*h, -97*v - 300 = -4*h - 93*v. Let i(l) = -64*l**3 - l**2 + 2*l. Let t be i(-2). Calculate the greatest common divisor of h and t.
72
Let h(m) = -436*m + 1101. Let b be h(-6). What is the highest common divisor of 189 and b?
63
Let z be 4/(-11) + 36340/4345. Suppose 1 = -n + 5. Let a be 1 + (n - -1) + 2. What is the greatest common divisor of z and a?
8
Suppose -30*w + 35*w - 567 = -4*s, s - 12*w = 155. Calculate the highest common factor of s and 1417.
13
Let o = -17498 + 17507. Let t be (1/(-2))/(1/(-24)). Let k be (42/4)/(2/t). Calculate the highest common divisor of o and k.
9
Let w be 4/10 - (-1196)/10. Let f = 139 - -141. Let i be ((-24)/14)/((7 + -17)/f). What is the highest common factor of w and i?
24
Suppose -2*j - 57 = -69. Suppose -j*g + 42 = -18. Let m be 3 + g/(-5) + 95. Calculate the highest common divisor of 12 and m.
12
Suppose -15*d = -13*d - 4. Suppose -3*v + 1945 = v - 5*r, -5*r = -d*v + 985. Calculate the greatest common factor of 15 and v.
15
Suppose 338 - 30 = -7*u. Let h(r) = -r**2 - 41*r + 156. Let a be h(u). What is the greatest common factor of 8 and a?
8
Let k = 4765 + -4678. Calculate the highest common divisor of 6 and k.
3
Let j(b) = -51*b + 312. Let w be j(3). What is the greatest common divisor of w and 4?
1
Let p(f) = 24*f**2 + 3*f - 1. Let j be p(1). Let b = 388 + j. What is the highest common factor of 18 and b?
18
Let p = 644 - 638. Let x be (-58)/p*(-22 - -19). Calculate the greatest common divisor of x and 232.
29
Let p = -266 + 771. Suppose -5*o = -2*x - 3*x + p, x = -3*o + 113. What is the greatest common divisor of 26 and x?
26
Suppose 7*f = 46*f - 195. Suppose -3*h = 15, 30*h - 26*h = -f*t + 280. Calculate the highest common divisor of t and 12.
12
Let i(v) = -v**3 - 5*v**2 - v + 34. Let r(s) = s**3 - 7*s**2 - 8*s + 48. Let x be r(7). Let g be i(x). Calculate the highest common factor of 39 and g.
39
Let k = 14363 + -5763. Let o be 1 - k/(-11) - (-54)/297. What is the highest common divisor of o and 29?
29
Suppose -24 = -3*t + 4*l, t + 5*l = 3*l - 2. Let a(g) = -17 + 34 - t*g - 12. Let n be a(-10). Calculate the greatest common factor of 27 and n.
9
Suppose 0 = -0*i + 11*i - 827 - 988. What is the greatest common factor of 495 and i?
165
Suppose -k + 734 - 158 = 0. Suppose -k = -23*c + 15*c. What is the greatest common factor of c and 32?
8
Let n(b) = b**3 - b**2 - 70*b + 475. Let x be n(7). Calculate the highest common divisor of 93 and x.
93
Suppose 5*b = 8*b - 9. Let n be (b/6)/((-5)/(-440)). Suppose l + 6*l = 231. Calculate the highest common factor of n and l.
11
Suppose 5*n - 12 = -2*h, 3*n = -h + 3*h - 12. Suppose h*a + 13*a = 209. What is the greatest common divisor of 11 and a?
11
Suppose -2*z = -4 - 18. Let s be 3/((-45)/(-903)) + (-8)/(-10). Let u = s + -39. Calculate the greatest common factor of z and u.
11
Suppose 167 = 3*b - 4*d, 5*b + 22*d + 9 = 58. Calculate the greatest common factor of 21555 and b.
45
Let y(x) = 100*x + 448. Let m be y(-3). What is the greatest common divisor of m and 16?
4
Suppose -5*w + 18 = 4*s, 4*s - s + 5*w = 16. Suppose 0 = -s*a + 5*x + 277, -5*a + 4*x = -0*a - 684. What is the greatest common factor of a and 8?
8
Let c be 1375/375*199/11 + (-1)/3. Let h be 2/(-4)*-6*99. Calculate the highest common divisor of c and h.
33
Let x be -3*(-3 + (-10)/(-6)) + 22 + 13. Calculate the greatest common divisor of x and 871.
13
Suppose 4*v + k - 33484 = 0, -3*v - 19*k + 22*k + 25098 = 0. Calculate the greatest common factor of v and 15.
15
Let k = -8 - -38. Let f be (-152)/(-10)*k/12. Let h be (-57)/f - 57/(-2). Calculate the highest common factor of 9 and h.
9
Let h(x) = -9*x +